 units digit of -1 - (-5 + 0/n)?
4
Let o(g) be the third derivative of g**5/60 + g**4/4 - g**3 - 2*g**2. What is the tens digit of o(-8)?
1
Let w(a) = -2*a**2 + 29*a - 32. What is the units digit of w(13)?
7
Suppose -5*z - 4*f = -4 - 82, -z + 5*f - 6 = 0. Let o be (-23)/(-7) - 4/z. Suppose t - 3*v = 3*t + 5, -o*v - 15 = 0. What is the units digit of t?
5
Let s = 1 + -2. Let y be -2*(3 + 1)/(-4). Let f = y - s. What is the units digit of f?
3
What is the units digit of 10/6 + 4 - (-4)/(-6)?
5
Let c be (-6)/21 + (-46)/(-14). Suppose -g + 179 = 3*g - p, -p - 133 = -c*g. What is the tens digit of g?
4
Let g(o) = 7*o**3 - o**2 + 4*o - 7. Let r(b) = -4*b**3 - 2*b + 4. Let p(a) = -3*g(a) - 5*r(a). Suppose 2 - 4 = -v. What is the units digit of p(v)?
1
Let o(p) = 2*p**2 - 3*p + 1. Let j be o(2). Suppose 2*r + 4*a - 18 = 0, j*a = 5*r + 2 + 5. What is the units digit of (-2)/(-1) - -3*r?
5
Let k(a) = a + 1 + 3 - 2*a. What is the units digit of k(0)?
4
Suppose 0 = -h + 5*h + 32. Let j be h/(-6)*(0 + 6). Suppose -q + 5*o = q - 60, 3*o = -q + j. What is the tens digit of q?
2
Suppose 11*i - 2*i - 720 = 0. What is the units digit of i?
0
Suppose 0*o = -o + 34. What is the units digit of o?
4
Let p(i) = -9*i - 51. What is the hundreds digit of p(-19)?
1
Let w(a) = -1 + 0*a - 2*a - 3. Let v be w(-4). Suppose -l + 2 = -v. What is the units digit of l?
6
Suppose -27 = -s + 4*o, 3*s - s - 114 = -4*o. What is the tens digit of s?
4
Let g = -51 - -71. Let h = 12 + g. What is the tens digit of h?
3
Let i(z) = z - 10. What is the units digit of i(16)?
6
Let t(x) = -17*x - 5. What is the tens digit of t(-1)?
1
Let y = 195 - 102. What is the tens digit of y?
9
Let y(t) = -6*t + 2*t + 2 + 2*t - 8. What is the units digit of y(-8)?
0
Let l be ((-4)/1 - -8)*2. Suppose -k - l = -3*k. What is the units digit of k?
4
Suppose -f = -5*f + 12. Suppose -3*u + f*n + 5 = 26, 3*n = -6. Let b = u + 13. What is the units digit of b?
4
Suppose -2*a + 5*k = 3*a - 515, -k = -4*a + 409. What is the units digit of a?
2
Let s = -177 + 431. What is the tens digit of s?
5
Let c(o) = o**3 + 0*o**3 + 8*o**2 + 0*o**3 - 5 - 4 + 5*o. What is the units digit of c(-7)?
5
Suppose -3*x - 2*x + 2*z + 34 = 0, -3*z = -3*x + 24. What is the units digit of x?
6
Suppose -5*h = -3*q - 2 - 12, 3*q = -5*h - 4. Let c be (-15)/(q - 0)*6. Let y = c - 18. What is the units digit of y?
2
Let f(o) = 2*o - 5. Let j be f(7). Suppose -y + j = -8. What is the tens digit of y?
1
Suppose -7 + 2 = -5*t. Let b be 5/t + 2/(-2). Suppose b*o = 1 + 15. What is the units digit of o?
4
Let s(z) = -2*z**2 - 10*z - 10. Let x be s(-7). Let a = x - -66. What is the tens digit of a?
2
Suppose -4*a - a - 2*m = 4, 5*a - 3*m = 6. Suppose 3*k = 4*g - 2*g - 45, a = 2*g + 5*k - 69. Suppose 0 = 4*n - g - 17. What is the units digit of n?
1
Let p = 57 - 28. What is the units digit of p?
9
Let v be 22/3 - (-4)/6. Suppose -12 = -5*g + v. What is the units digit of g?
4
Let y(z) be the first derivative of -z**3/3 - 3*z**2 + 4*z + 2. What is the units digit of y(-5)?
9
Suppose 3*j = -2*j - 10. What is the tens digit of (-1)/((-2)/(-23))*j?
2
Let x be (-4 + 1)/((-12)/8). Let h be (x/(-6))/((-2)/24). What is the units digit of 30/h + 1/(-2)?
7
Let x = -1 + 8. Suppose -2*p - 10 = -x*p. Suppose 0 = p*h - 40 + 16. What is the tens digit of h?
1
Let h = 36 - 2. What is the tens digit of h?
3
Suppose -b + 1 = -3. Suppose -b*c + 27 = 7. What is the units digit of c?
5
Suppose 0 = 2*f + 3*f - 5*y - 105, f = -y + 19. Let b = f - 4. Suppose -2*u + b = 3*i, 0*i + 18 = 4*i + u. What is the units digit of i?
4
Let t(y) = 90*y**2 + y - 1. What is the units digit of t(1)?
0
Suppose 5*b + 28 = -5*t + 118, 0 = t - 5. What is the units digit of b?
3
Let s(u) be the third derivative of u**6/120 + 2*u**5/15 + 5*u**4/12 + 3*u**3/2 + 2*u**2. What is the tens digit of s(-6)?
2
Let r(t) = 2*t**2 + 3*t + 2. Let q be r(-2). Suppose 5*h = 2*l - 71, 0*l + 3*h + 93 = 3*l. Suppose 4 + l = q*d. What is the units digit of d?
8
Let l(w) = -w**3 + 5*w**2 - 3*w + 1. Let c be l(4). Suppose 26 = 2*t + 2*o, 2*o + o = t - c. What is the tens digit of t?
1
Suppose 0 = 2*w + w - 9. Suppose -w*c + 2 = 11. Let f = c - -7. What is the units digit of f?
4
Suppose -a - 312 = -6*a - 4*d, -2*a = -3*d - 111. Let t = -13 + a. What is the units digit of t?
7
Let j(c) be the third derivative of -c**4/12 + c**3/6 - c**2. Let x = 34 - 36. What is the units digit of j(x)?
5
Suppose -73 = -2*x + 15. What is the tens digit of x?
4
Let z = 9 - 1. Suppose -4*q + 4*y - 3*y = -z, -3*q + 11 = -2*y. What is the units digit of q?
1
What is the units digit of (-1369)/(-444) - 2/24?
3
Let b = 0 + 2. What is the units digit of (-20)/(-6) - b/(-3)?
4
Let k = 434 - 166. What is the hundreds digit of k?
2
Suppose -14 = j + j + 4*a, 2*j - 4*a - 26 = 0. What is the units digit of j?
3
Let t(c) be the third derivative of c**4/24 + c**3/6 - c**2. What is the units digit of t(1)?
2
Let f(s) = s - 3. What is the units digit of f(5)?
2
Let m(y) = 3*y**2 + 11*y - 9. What is the units digit of m(-6)?
3
Suppose 0*j = -2*j + 12. Let c be (108/(-15))/(j/(-20)). Suppose c = y - 3*r, 0*y = -3*y + 2*r + 44. What is the tens digit of y?
1
Let u be (4 - 8)/(1/(-14)). Let q = u + -36. What is the units digit of q?
0
Let f = -32 - -45. Suppose 9*z = f*z - 152. What is the units digit of z?
8
Suppose -k + 14*z = 9*z - 260, -5*z = -4*k + 1010. What is the hundreds digit of k?
2
Let c = 161 - 97. What is the tens digit of c?
6
Let d(g) = g**3 - 2*g**2 + 4. What is the units digit of d(4)?
6
Let h = 0 - 4. Let a(b) = -b**3 + 4*b**2 - 2*b - 2. Let c be a(4). What is the units digit of c/h + (-1)/(-2)?
3
What is the units digit of 15/2*(-56)/(-70)?
6
Let h be (59 + -3)/(-2)*-1. Let t = 46 - h. What is the units digit of (t/(-7))/((-15)/70)?
2
Let j = 4 + -2. Suppose h = -4*u + 11, -5*u - j - 3 = 0. Suppose -5*w - 3*q = -h, -4*w - 2*q + 5 = -7. What is the units digit of w?
3
What is the tens digit of -1 - 2/((-6)/177)?
5
What is the tens digit of (-1827)/(-42) - (-1)/(-2)?
4
Let g(c) = 9*c**2 - 3*c - 6. Let r be g(-4). Suppose -6*f = -f - r. What is the tens digit of f?
3
Suppose 3*d = 3*x - 57, -d + 5*d = -2*x + 56. Let v = -9 + x. Suppose 0*o + o - v = 0. What is the tens digit of o?
1
Suppose 2*c - 1 = c. What is the tens digit of 3 - (20*-1 - c)?
2
Let y = -119 - -235. What is the units digit of y?
6
Let r(c) = -c**3 + 20*c**2 - 4*c + 27. What is the tens digit of r(19)?
1
Let u = -1 - -6. Suppose 23 = 3*o + u. Let s = 10 - o. What is the units digit of s?
4
Let z = -460 - -675. What is the units digit of z?
5
Let a be (-183)/(-6) + 9/(-6). Suppose m + o - 44 = -o, -o = -m + a. What is the tens digit of m?
3
Let z be 3 + 2 + -4 + -3. What is the tens digit of 18 + (3 + -2)*z?
1
Let z(v) be the second derivative of -v**5/5 - v**4/12 - v**3/3 - v**2/2 + 2*v. What is the units digit of z(-1)?
4
Suppose -2*q = 2, 5*j - 245 + 74 = -4*q. What is the units digit of j?
5
Let n(c) be the third derivative of -1/12*c**4 + 2/3*c**3 + 0*c + 3*c**2 + 0. What is the units digit of n(-3)?
0
What is the units digit of (-22)/55 + 32/5?
6
Suppose 0 = 4*c - 2*c. Suppose c*y = 4*y - 72. What is the units digit of y?
8
Suppose -h - 2*h = -12. Suppose 35 = o + h*o. Suppose -4*p + 0*s + 3*s = o, -5*p - 5 = -3*s. What is the units digit of p?
2
Suppose 0 = 7*m - 2*m + 5*h, 3*m - 35 = 4*h. Suppose m*d - 102 = 2*d. What is the units digit of d?
4
Let f(u) = u. Let x be f(1). Let l be ((-8)/x + 2)/(-2). What is the tens digit of 9/l*(-30)/(-9)?
1
Let u(g) = g**3 - g**2 - g + 11. What is the tens digit of u(0)?
1
Let t(m) = -m - 5 + 3 - 4*m. Let h be t(-2). Let y = h + -1. What is the units digit of y?
7
Let k = 11 - 1. What is the units digit of k?
0
Suppose -4*z + 2 = -6*z. Let j(m) = -6*m. What is the units digit of j(z)?
6
Let x(l) = l**3. Let i(p) = -p**2 + 1. Let v be i(0). What is the units digit of x(v)?
1
Suppose 0 = 2*p + 2*p - 128. Suppose -4*d - x + p = -5*x, -4*d - 3*x + 18 = 0. What is the units digit of d/(-9) - (-8)/3?
2
Let r(o) be the second derivative of o**5/20 - 5*o**4/12 + 5*o**2/2 + o. Let h be r(5). Let g = -1 + h. What is the units digit of g?
4
Suppose 0 = 2*d - 6, -2*m - 2*d = -0*m - 8. Let a be m/(-1) - (-22)/1. Suppose -2*w + a =